ultiple of 12?
False
Does 7 divide 23474490?
False
Is 70935580 a multiple of 2?
True
Does 305 divide 122770453?
False
Does 46 divide 6311556?
False
Is 216624450 a multiple of 18?
False
Does 36 divide 137009554?
False
Is 1228 a factor of 152905940?
False
Does 240 divide 4033326318?
False
Is 6 a factor of 62882695?
False
Is 3994843 a multiple of 4?
False
Is 167517090 a multiple of 234?
True
Is 49611431 a multiple of 841?
True
Is 65628003 a multiple of 4?
False
Is 3792184799 a multiple of 65?
False
Is 2906856886 a multiple of 69?
False
Does 62 divide 193009977?
False
Is 57054182 a multiple of 106?
True
Is 64 a factor of 366373696?
True
Is 334 a factor of 306579936?
True
Is 1186 a factor of 1845590326?
False
Is 593495267 a multiple of 22?
False
Does 7313 divide 298896936?
True
Is 1827 a factor of 592525453?
False
Does 21 divide 1603318322?
False
Is 352 a factor of 168436576?
True
Is 564 a factor of 233819172?
True
Is 644093686 a multiple of 233?
False
Is 5280 a factor of 200866794?
False
Is 186 a factor of 72963461?
False
Is 507 a factor of 413316540?
True
Is 1448162381 a multiple of 1754?
False
Is 3783718258 a multiple of 98?
False
Does 9 divide 2246949?
True
Is 192 a factor of 1006437888?
True
Is 99742213 a multiple of 15?
False
Does 214 divide 115381524?
True
Is 1213530465 a multiple of 3723?
True
Does 9855 divide 228448755?
True
Is 2 a factor of 58879180?
True
Does 3242 divide 74358512?
True
Is 35 a factor of 4224517255?
True
Is 344 a factor of 30108256?
True
Does 4 divide 161019644?
True
Is 1470785332 a multiple of 304?
False
Does 10 divide 361266524?
False
Does 13 divide 152866737?
False
Is 13106466 a multiple of 19?
True
Is 2487528 a multiple of 18?
True
Is 94643982 a multiple of 22?
False
Is 461783634 a multiple of 26?
True
Does 60 divide 10706599?
False
Is 249 a factor of 36166435?
False
Is 3592360654 a multiple of 46?
False
Is 51 a factor of 31883261?
False
Is 683 a factor of 55094317?
False
Does 1006 divide 99042390?
False
Does 14 divide 42769636?
True
Does 789 divide 708757911?
True
Does 11 divide 1627551321?
True
Is 171984672 a multiple of 96?
True
Is 607 a factor of 43319162?
True
Is 99061434 a multiple of 68?
False
Is 472 a factor of 28252464?
False
Is 86481419 a multiple of 15?
False
Is 368040114 a multiple of 117?
True
Is 870 a factor of 29728770?
True
Is 659 a factor of 79166828?
False
Is 36492839 a multiple of 254?
False
Is 349979240 a multiple of 27?
False
Does 63 divide 42628698?
True
Does 278 divide 8680229?
False
Is 491597890 a multiple of 866?
True
Is 84302580 a multiple of 356?
True
Is 24244414 a multiple of 212?
False
Is 94 a factor of 1757772082?
True
Does 1797 divide 212671356?
True
Is 20614176 a multiple of 144?
True
Is 91 a factor of 37414286?
True
Is 1206862763 a multiple of 869?
False
Is 529 a factor of 402959931?
True
Does 415 divide 42713364?
False
Does 16 divide 45694752?
True
Is 38 a factor of 527041038?
True
Does 8 divide 53309176?
True
Does 23 divide 3089543995?
False
Is 80440668 a multiple of 119?
True
Does 22 divide 1390592588?
True
Does 291 divide 609043794?
True
Is 668 a factor of 2515808437?
False
Is 123 a factor of 237658490?
False
Is 70 a factor of 10968300?
True
Does 2 divide 6270979?
False
Does 400 divide 331189593?
False
Is 1814 a factor of 41807158?
False
Does 13 divide 173457508?
False
Does 26 divide 23453098?
False
Is 48 a factor of 41864064?
True
Does 28 divide 82084470?
False
Does 63 divide 3221568?
True
Is 231 a factor of 14511882?
True
Does 15 divide 108845862?
False
Does 30 divide 11608230?
True
Is 1939 a factor of 4634210?
True
Is 4 a factor of 1593352?
True
Is 87592022 even?
True
Does 52 divide 40893112?
True
Is 3750 a factor of 2963445000?
True
Does 272 divide 56443808?
True
Is 782079930 a multiple of 105?
False
Does 18 divide 19566881?
False
Does 62 divide 105264282?
True
Is 1101152155 a multiple of 4196?
False
Does 17 divide 29297927?
False
Does 610 divide 104347867?
False
Is 181 a factor of 984648186?
False
Is 1151 a factor of 23971877?
True
Is 4113485 a multiple of 2?
False
Is 3673 a factor of 258859969?
False
Is 138701250 a multiple of 75?
True
Is 223025635 a multiple of 1445?
True
Is 6169054136 a multiple of 18?
False
Does 256 divide 125979136?
True
Is 1057948878 a multiple of 7071?
True
Is 149478348 a multiple of 188?
False
Does 289 divide 541466246?
False
Does 2781 divide 1251103030?
False
Does 18 divide 23013450?
True
Is 353 a factor of 49033469?
False
Does 15 divide 2116270785?
True
Does 436 divide 1072330245?
False
Does 456 divide 24848176?
False
Is 217398117 a multiple of 529?
False
Is 858993999 a multiple of 793?
False
Is 1017105 even?
False
Does 191 divide 262209766?
True
Is 18926964 a multiple of 252?
True
Does 736 divide 90430586?
False
Is 5 a factor of 12128033?
False
Does 36 divide 191140927?
False
Does 21 divide 5137167?
True
Does 135 divide 412107615?
True
Is 183 a factor of 6886473?
True
Is 12 a factor of 301248?
True
Is 68384800 a multiple of 176?
True
Is 34204776 a multiple of 51?
False
Is 408 a factor of 24176829?
False
Is 3360 a factor of 2128978567?
False
Does 389 divide 108591788?
False
Is 5 a factor of 90735291?
False
Does 837 divide 92461716?
True
Is 13602325 a multiple of 55?
True
Does 453 divide 70238103?
True
Does 23 divide 2099404189?
True
Is 7 a factor of 182398560?
False
Is 11139115 a multiple of 69?
False
Is 73913372 a multiple of 2258?
True
Does 1593 divide 14426114?
False
Is 22 a factor of 53440823?
False
Is 331530452 a multiple of 4?
True
Is 41762076 a multiple of 105?
False
Is 194566736 a multiple of 91?
True
Is 43062708 a multiple of 13?
True
Does 176 divide 72351312?
True
Does 4 divide 364481144?
True
Does 297 divide 25657830?
True
Is 8 a factor of 86686927?
False
Is 20936286 a multiple of 42?
True
Does 271 divide 30773713?
False
Does 8 divide 155681962?
False
Is 5 a factor of 24198830?
True
Does 3 divide 152600266?
False
Is 13 a factor of 207720871?
False
Is 94 a factor of 3300102772?
False
Does 657 divide 215636784?
False
Is 89030550 a multiple of 6?
True
Does 29 divide 32648867?
True
Is 162 a factor of 6466554?
True
Is 2401642079 a multiple of 221?
False
Is 19874959 a multiple of 1612?
False
Is 267645495 a multiple of 840?
False
Is 900749586 a multiple of 22?
True
Is 83136808 a multiple of 395?
False
Does 35 divide 633155667?
False
Is 16 a factor of 188096304?
True
Is 879 a factor of 610118295?
True
Does 615 divide 86780805?
True
Is 1276493814 a multiple of 56?
False
Is 15 a factor of 1783539814?
False
Is 42 a factor of 15513649?
False
Is 3622344 a multiple of 8?
True
Does 44 divide 3176112764?
True
Is 90134447 a multiple of 31?
False
Is 455 a factor of 249681776?
False
Does 8066 divide 935471085?
False
Does 11 divide 2061608288?
False
Is 4267 a factor of 81957539?
False
Is 122 a factor of 958882302?
True
Is 649597756 a multiple of 4721?
False
Is 684 a factor of 25701083?
False
Does 58 divide 147352770?
True
Is 76723881 a multiple of 1455?
False
Is 6 a factor of 4501500?
True
Does 30 divide 72850980?
True
Is 208 a factor of 540974304?
True
Is 17 a factor of 9019129?
True
Is 205 a factor of 273954210?
True
Does 1440 divide 180479520?
True
Does 1008 divide 124171155?
False
Does 1232 divide 1747767?
False
Does 27 divide 3452407137?
True
Does 590 divide 719718593?
False
Does 30 divide 253697318?
False
Does 6031 divide 782545620?
False
Is 53 a factor of 2556932?
True
Is 21731808 a multiple of 336?
True
Does 446 divide 5051396?
True
Does 1132 divide 708468992?
True
Does 1323 divide 50677515?
True
Is 118413855 a multiple of 1728?
False
Is 25 a factor of 183276899?
False
Is 1167 a factor of 3494687?
False
Does 785 divide 3353277435?
True
Is 46 a factor of 142806578?
False
Is 1961005378 a multiple of 4162?
True
Is 467 a factor of 97327003?
True
Does 287 divide 4869730?
False
Does 85 divide 81926023?
False
Is 12 a factor of 9437148?
True
Is 81212052 a multiple of 422?
False
Is 338884302 a multiple of 844?
False
Is 31 a factor of 176482845?
True
Is 405 a factor of 277846605?
True
Is 1937 a factor of 47645667?
False
Is 2692622 a multiple of 52?
False
Does 50 divide 501124750?
True
Is 1754045040 a multiple of 1445?
True
Does 54 divide 990744966?
True
Is 1457258771 a multiple of 243?
False
Is 168 a factor of 70801409?
False
Does 1027 divide 345427149?
Fa